lculate the greatest common divisor of 14 and i.
14
Suppose -2*a + 205 - 141 = 0. Calculate the greatest common factor of a and 256.
32
Let o = 2 + 8. Suppose -3*n + 835 = -2*w, -3*n - 196 + 1017 = 5*w. Let x = n + -167. What is the highest common factor of o and x?
10
Let x(j) be the first derivative of 5*j**4/4 + j**3/3 - j**2/2 - 2. Let g be x(1). Calculate the greatest common divisor of g and 35.
5
Suppose 2*r - 5 = -1. Suppose r*q - 75 = -3*q. What is the highest common divisor of q and 120?
15
Let u(v) = -37*v + 1. Let h be u(-3). Let z(o) = o**3 - 7*o - 2 - 3*o**2 - 4*o**2 + 5*o**2 + 3*o. Let g be z(4). Calculate the highest common factor of h and g.
14
Suppose 0 = 5*w + 5*z - 60, 5*w - 22 = 3*w - 3*z. Let m = -58 + 72. Calculate the greatest common factor of m and w.
14
Suppose -2*h = -s + 20, 4*s + 4*h - 132 = 8. Let y(l) = l**3 - 9*l**2 + 10*l + 4. Let n be y(8). What is the greatest common divisor of s and n?
10
Let v be ((-2)/3)/(4/(-18)). Suppose -v*l + 220 = 2*l. Let n(u) = -u**2 + 4*u + 9. Let a be n(5). Calculate the highest common divisor of a and l.
4
Let t = 17 + -11. Let q = t + 8. What is the greatest common divisor of 14 and q?
14
Let j = 109 - 54. Let a(c) = c**3 - 6*c**2 + 6*c + 3. Let f be a(5). Let d = 13 - f. What is the greatest common factor of d and j?
5
Let h(x) = -x**3 + 5*x**2 + 2*x + 3. Let w be h(3). Let z be 6/9 - (-14)/(-3). Let t be (9/z)/((-1)/8). What is the greatest common divisor of t and w?
9
Let f = 3 + -7. Let r be (-1203)/(-9) - f/(-6). Suppose 2*p = 20 + 18. Calculate the greatest common divisor of r and p.
19
Let h(k) = k**3 + k**2 + k + 24. Let y be h(0). Calculate the highest common divisor of y and 16.
8
Suppose -76 = h - 3*h. Let x = h - 23. Let l(u) = 3*u**2 + u - 1. Let t be l(1). Calculate the highest common factor of t and x.
3
Let r = -14 + 31. Suppose -3*u - 32 = y, u + 104 = -3*y - 2*y. Let d be (-5)/y - (-747)/4. Calculate the greatest common factor of r and d.
17
Suppose -3*k + 6 = -6*k. Let u(g) = -g**3 - 11*g**2 + 13*g + 9. Let z be u(-12). Let s be ((-21)/k)/(z/(-4)). Calculate the highest common divisor of 7 and s.
7
Let z(j) = -8*j**3 - j**2 - 2*j - 2. Let v be z(-2). Calculate the highest common divisor of v and 93.
31
Suppose 0 + 23 = 5*d - 4*m, -4*d + 22 = -2*m. Suppose 0 = 5*g - d - 13. Let o(l) = 6*l. Let s be o(4). What is the greatest common factor of g and s?
4
Suppose 50 = 25*o - 20*o. Calculate the highest common divisor of 30 and o.
10
Suppose x - 5*r = 27, -3*r + r = -3*x + 94. Let c be (-176)/((-6)/(-24)*-2). What is the greatest common divisor of c and x?
32
Suppose 9*w - 13*w = -60. What is the greatest common factor of 3 and w?
3
Suppose 4*f - 2*f - 90 = 0. Calculate the greatest common divisor of 5 and f.
5
Let a = 5 + -7. Let d be (0 - -3) + 69 + a. Calculate the highest common divisor of d and 14.
14
Let m(q) = 49*q**2 - q. Let s be m(-1). Let r = -30 + s. Let l(i) = -2*i + 10. Let u be l(-10). Calculate the greatest common divisor of u and r.
10
Let x(n) = -5*n + 2. Let d(i) = 5*i - 3. Let z(t) = 4*d(t) + 5*x(t). Let g be z(-2). What is the greatest common divisor of g and 16?
8
Let w(r) = -r**2 - 13*r + 4. Let n be w(-13). What is the greatest common factor of n and 10?
2
Suppose -4*k - 5*z + 18 = -22, 0 = -k + 5*z - 15. Calculate the greatest common factor of k and 5.
5
Let w be 37 + 0/(-3) + 1. Suppose -4*c + w = -0*d + 2*d, -4*d - 4*c = -72. Calculate the highest common factor of d and 17.
17
Suppose 15 = 5*u - 5. Suppose -2*a + 5*n = 11, -4*a - 1 = n - 12. Calculate the greatest common factor of u and a.
2
Let f(q) = -31*q**3 - q**2. Let k be f(-1). Suppose 1 + 3 = 4*o. Suppose -4*a = -41 + o. What is the greatest common factor of k and a?
10
Suppose -2*i - i - 4*q = -16, 5*q - 20 = 3*i. Suppose i = -3*a + 182 - 17. Let l = a + 53. What is the greatest common divisor of l and 12?
12
Let x be 8/6*(-9)/(-6). Suppose 0*h + 15 = -5*h. Let f = 4 + h. What is the greatest common factor of x and f?
1
Let c be (-376)/16*-2*1*1. What is the greatest common factor of c and 141?
47
Let m be (-5)/25 + 22/10. Suppose 0 = m*u + u - 15. Calculate the greatest common divisor of 20 and u.
5
Let n be 57/3 - (2 + -2). What is the highest common factor of n and 171?
19
Let l(k) = k**3 - 6*k**2 + 3*k - 7. Let o be (-272)/(-44) + 4/(-22). Let b be l(o). What is the highest common factor of b and 11?
11
Let k be -2*10/(-6)*36. Let p(u) = -u**2 + 8*u + 3. Let j be (-2)/(-8) - 69/(-12). Let g be p(j). What is the greatest common factor of k and g?
15
Let f be 3 - (-1 + 2 + -2). Suppose h + 3 = -2*h, -f*h = -w + 24. What is the greatest common factor of w and 50?
10
Suppose -3 + 19 = 2*z. Calculate the greatest common divisor of 72 and z.
8
Let m(w) = -w - 1. Let b be m(-4). Let p be (0 - 0)/(1 - b). Suppose n + n - 30 = p. Calculate the greatest common divisor of n and 75.
15
Let y(j) = 2*j**2 + 22*j + 7. Let x be y(-12). Calculate the greatest common factor of x and 248.
31
Let j(v) = v**3 + 16*v**2 - 17*v + 13. Let n be j(-17). Calculate the highest common factor of n and 143.
13
Let a(n) = -n**2 + 3*n + 4. Let v be a(-5). Let z = -14 - v. What is the greatest common factor of 2 and z?
2
Suppose 2*o + 8 = 5*q - q, -5*o - 10 = 0. What is the greatest common factor of 1 and q?
1
Let i be (-1)/2*2*-1. Suppose 0 = -4*m + 11 + i. Suppose -4*h = 6*l - 2*l - 52, -m*h + 59 = 5*l. Calculate the greatest common factor of 25 and l.
5
Suppose -2*x + 55 - 1 = 2*l, 5*x - 106 = -4*l. Let u = -16 + l. Calculate the highest common divisor of 52 and u.
13
Let v = -21 + 29. Suppose 5*y - 42 = v. Calculate the highest common divisor of y and 70.
10
Let k be (-72)/(-20) - (-4)/10. Suppose k*c + 4*z + 29 - 173 = 0, z + 129 = 4*c. Suppose c = 4*l + 5. What is the greatest common factor of l and 56?
7
Let f = -30 - -60. Suppose -3*b = -b + 5*h, -2*h = -3*b + 19. What is the greatest common factor of f and b?
5
Let g(d) = -d**2 + 6*d + 2. Let l be g(6). Suppose 2*a = a - 4, 0 = 2*q - l*a - 382. Calculate the greatest common factor of 17 and q.
17
Let q(z) = z**2 + z. Let a be q(1). Suppose c + 6 = 3*c. Suppose -3*d + 2*w - 6*w = -42, c*d = -2*w + 48. What is the highest common divisor of d and a?
2
Let z be 4 - 5/(10/6). Let h be z - -2 - (-1 - 9). Calculate the highest common divisor of h and 143.
13
Suppose 2*z = -g + 2*g - 3, 4*z = 0. What is the highest common divisor of g and 3?
3
Let v be 4 - 1*3/(-3). Suppose -v*z - 5*s = -350, 0*z - 4*z = -s - 300. Suppose 3*w = z + 25. Calculate the greatest common factor of w and 11.
11
Let u(m) = m**2 - 9*m - 12. Let r be u(12). Calculate the greatest common factor of r and 6.
6
Suppose -2*x = x. Suppose x = -5*i + 25 - 10. Let o be 8/4 + (0 - -1). What is the greatest common factor of o and i?
3
Suppose -15 = -w - 9. Calculate the highest common divisor of w and 6.
6
Suppose n - 11 = -0*n. Let i = -113 + 135. Calculate the highest common divisor of n and i.
11
Suppose -2*x + 0*x + 692 = 2*m, -3*m - 4*x = -1036. Calculate the greatest common divisor of 12 and m.
12
Let l be 172/32 + (-6)/16. Calculate the highest common divisor of 20 and l.
5
Let o(h) = h - 2. Let n be o(11). Let x(q) = -q**2 + 10*q + 9. Let d be x(n). Calculate the highest common factor of d and 2.
2
Let q = 12 - -1. Let a(h) = -117*h. Let y(x) = x**3 + 8*x**2 + 8*x + 6. Let m be y(-7). Let r be a(m). Calculate the highest common factor of q and r.
13
Let f be (-498)/(-9) - 4/12. Suppose 3*b - 4*a = b + 38, 4*b - 28 = -4*a. Calculate the greatest common factor of b and f.
11
Let w be 18/8 - (-1)/(-4). Let j be (-1)/(-2)*11*10. Suppose 3*b + 13 = j. What is the highest common divisor of w and b?
2
Suppose -3*z + 57 = -33. Suppose z = 4*n + n. Let o = 8 + 1. Calculate the highest common factor of o and n.
3
Suppose -5*z - 11 = -161. Calculate the greatest common divisor of 90 and z.
30
Suppose 104 - 40 = 4*n. Let z be 2*1 - (4 + -34). What is the highest common factor of z and n?
16
Suppose -4*l - 4*j = -72, -4*j - 22 - 23 = -5*l. Calculate the greatest common factor of l and 65.
13
Suppose 4*r + 4*f - 22 = r, -3*r = f - 10. Suppose -r*t = 3*j + 5, j = -5*t - 0 + 7. Let o be (-42)/(-8) - t/8. Calculate the highest common divisor of o and 5.
5
Suppose 0*l = -2*r + 2*l + 20, -r = l - 4. S